{"id":357,"date":"2022-01-25T14:10:45","date_gmt":"2022-01-25T14:10:45","guid":{"rendered":"http:\/\/ferienyogahaus.at\/?page_id=357"},"modified":"2025-04-04T16:09:47","modified_gmt":"2025-04-04T16:09:47","slug":"preisuebersicht-goerlitz","status":"publish","type":"page","link":"http:\/\/ferienyogahaus.at\/willkommen\/ferienyogahaus-goerlitz\/preisuebersicht-goerlitz\/","title":{"rendered":"Preis\u00fcbersicht G\u00f6rlitz"},"content":{"rendered":"\n<h2 class=\"wp-block-heading\">Appartement Yogastyle mit eigenem Eingang und Garten<\/h2>\n\n\n\n<p>Wir verf\u00fcgen in G\u00f6rlitz \u00fcber zweierlei: ein Appartement (95m2) mit separaten Eingang, Terrasse, Gartennutzung, welches auch als Yogastudio genutzt wird. <strong>Allergiker geeignet.<\/strong><\/p>\n\n\n\n<figure class=\"wp-block-image size-large\"><img loading=\"lazy\" decoding=\"async\" width=\"1024\" height=\"547\" src=\"http:\/\/ferienyogahaus.at\/wp-content\/uploads\/2024\/04\/Bild2-1024x547.png\" alt=\"\" class=\"wp-image-451\" srcset=\"http:\/\/ferienyogahaus.at\/wp-content\/uploads\/2024\/04\/Bild2-1024x547.png 1024w, http:\/\/ferienyogahaus.at\/wp-content\/uploads\/2024\/04\/Bild2-300x160.png 300w, http:\/\/ferienyogahaus.at\/wp-content\/uploads\/2024\/04\/Bild2-768x410.png 768w, http:\/\/ferienyogahaus.at\/wp-content\/uploads\/2024\/04\/Bild2-1536x821.png 1536w, http:\/\/ferienyogahaus.at\/wp-content\/uploads\/2024\/04\/Bild2-2048x1094.png 2048w\" sizes=\"auto, (max-width: 1024px) 100vw, 1024px\" \/><\/figure>\n\n\n\n<h2 class=\"wp-block-heading\">Ganzes Altstadthaus<\/h2>\n\n\n\n<p>Und zweitens den oberen Teil des Hauses (ca. 220- 280m2) mit Terrassen und zwei B\u00e4dern.<\/p>\n\n\n\n<figure class=\"wp-block-image size-large is-resized\"><img loading=\"lazy\" decoding=\"async\" width=\"1024\" height=\"594\" src=\"http:\/\/ferienyogahaus.at\/wp-content\/uploads\/2025\/04\/image-1024x594.png\" alt=\"\" class=\"wp-image-459\" style=\"width:762px;height:auto\" srcset=\"http:\/\/ferienyogahaus.at\/wp-content\/uploads\/2025\/04\/image-1024x594.png 1024w, http:\/\/ferienyogahaus.at\/wp-content\/uploads\/2025\/04\/image-300x174.png 300w, http:\/\/ferienyogahaus.at\/wp-content\/uploads\/2025\/04\/image-768x446.png 768w, http:\/\/ferienyogahaus.at\/wp-content\/uploads\/2025\/04\/image.png 1258w\" sizes=\"auto, (max-width: 1024px) 100vw, 1024px\" \/><\/figure>\n\n\n\n<p class=\"has-cyan-bluish-gray-background-color has-background\"><strong><a href=\"http:\/\/ferienyogahaus.at\/willkommen\/kontakt\/\" data-type=\"page\" data-id=\"276\">Link zu Buchungsanfrage<\/a><\/strong><\/p>\n","protected":false},"excerpt":{"rendered":"<p>Appartement Yogastyle mit eigenem Eingang und Garten Wir verf\u00fcgen in G\u00f6rlitz \u00fcber zweierlei: ein Appartement (95m2) mit separaten Eingang, Terrasse, Gartennutzung, welches auch als Yogastudio genutzt wird. Allergiker geeignet. Ganzes [&hellip;]<\/p>\n","protected":false},"author":1,"featured_media":0,"parent":62,"menu_order":1,"comment_status":"closed","ping_status":"closed","template":"","meta":{"footnotes":""},"class_list":["post-357","page","type-page","status-publish","czr-hentry"],"_links":{"self":[{"href":"http:\/\/ferienyogahaus.at\/willkommen\/wp-json\/wp\/v2\/pages\/357","targetHints":{"allow":["GET"]}}],"collection":[{"href":"http:\/\/ferienyogahaus.at\/willkommen\/wp-json\/wp\/v2\/pages"}],"about":[{"href":"http:\/\/ferienyogahaus.at\/willkommen\/wp-json\/wp\/v2\/types\/page"}],"author":[{"embeddable":true,"href":"http:\/\/ferienyogahaus.at\/willkommen\/wp-json\/wp\/v2\/users\/1"}],"replies":[{"embeddable":true,"href":"http:\/\/ferienyogahaus.at\/willkommen\/wp-json\/wp\/v2\/comments?post=357"}],"version-history":[{"count":9,"href":"http:\/\/ferienyogahaus.at\/willkommen\/wp-json\/wp\/v2\/pages\/357\/revisions"}],"predecessor-version":[{"id":460,"href":"http:\/\/ferienyogahaus.at\/willkommen\/wp-json\/wp\/v2\/pages\/357\/revisions\/460"}],"up":[{"embeddable":true,"href":"http:\/\/ferienyogahaus.at\/willkommen\/wp-json\/wp\/v2\/pages\/62"}],"wp:attachment":[{"href":"http:\/\/ferienyogahaus.at\/willkommen\/wp-json\/wp\/v2\/media?parent=357"}],"curies":[{"name":"wp","href":"https:\/\/api.w.org\/{rel}","templated":true}]}}

Preisübersicht Görlitz

<h2 class="wp-block-heading">Appartement Yogastyle mit eigenem Eingang und Garten</h2>



<p>Wir verfügen in Görlitz über zweierlei: ein Appartement (95m2) mit separaten Eingang, Terrasse, Gartennutzung, welches auch als Yogastudio genutzt wird. <strong>Allergiker geeignet.</strong></p>



<figure class="wp-block-image size-large"><img loading="lazy" decoding="async" width="1024" height="547" src="http://ferienyogahaus.at/wp-content/uploads/2024/04/Bild2-1024x547.png" alt="" class="wp-image-451" srcset="http://ferienyogahaus.at/wp-content/uploads/2024/04/Bild2-1024x547.png 1024w, http://ferienyogahaus.at/wp-content/uploads/2024/04/Bild2-300x160.png 300w, http://ferienyogahaus.at/wp-content/uploads/2024/04/Bild2-768x410.png 768w, http://ferienyogahaus.at/wp-content/uploads/2024/04/Bild2-1536x821.png 1536w, http://ferienyogahaus.at/wp-content/uploads/2024/04/Bild2-2048x1094.png 2048w" sizes="auto, (max-width: 1024px) 100vw, 1024px" /></figure>



<h2 class="wp-block-heading">Ganzes Altstadthaus</h2>



<p>Und zweitens den oberen Teil des Hauses (ca. 220- 280m2) mit Terrassen und zwei Bädern.</p>



<figure class="wp-block-image size-large is-resized"><img loading="lazy" decoding="async" width="1024" height="594" src="http://ferienyogahaus.at/wp-content/uploads/2025/04/image-1024x594.png" alt="" class="wp-image-459" style="width:762px;height:auto" srcset="http://ferienyogahaus.at/wp-content/uploads/2025/04/image-1024x594.png 1024w, http://ferienyogahaus.at/wp-content/uploads/2025/04/image-300x174.png 300w, http://ferienyogahaus.at/wp-content/uploads/2025/04/image-768x446.png 768w, http://ferienyogahaus.at/wp-content/uploads/2025/04/image.png 1258w" sizes="auto, (max-width: 1024px) 100vw, 1024px" /></figure>



<p class="has-cyan-bluish-gray-background-color has-background"><strong><a href="http://ferienyogahaus.at/willkommen/kontakt/" data-type="page" data-id="276">Link zu Buchungsanfrage</a></strong></p>

<p>Appartement Yogastyle mit eigenem Eingang und Garten Wir verfügen in Görlitz über zweierlei: ein Appartement (95m2) mit separaten Eingang, Terrasse, Gartennutzung, welches auch als Yogastudio genutzt wird. Allergiker geeignet. Ganzes [&hellip;]</p>
