{"id":6,"date":"2022-01-09T18:37:20","date_gmt":"2022-01-09T18:37:20","guid":{"rendered":"http:\/\/ferienyogahaus.at\/willkommen-auf-http-ferienyogahaus-at\/"},"modified":"2022-02-01T16:53:18","modified_gmt":"2022-02-01T16:53:18","slug":"bei-ferienyogahaus-unserem-angebot-fuer-ferien-seminarraeume-in-kaernten-und-sachsen","status":"publish","type":"page","link":"http:\/\/ferienyogahaus.at\/willkommen\/","title":{"rendered":"Willkommen bei FerienYogaHaus unserem Angebot f\u00fcr Ferien &#038; Seminarr\u00e4ume in K\u00e4rnten und Sachsen."},"content":{"rendered":"\n<p>Auf unserer Website findest Du gem\u00fctliche und wundersch\u00f6ne \u00dcbernachtungsm\u00f6glichkeiten in K\u00e4rnten\/ Unterloibl und Sachsen\/ G\u00f6rlitz. Beide Orte sind sehr liebevoll und mit Achtsamkeit gestaltet und werden auch f\u00fcr Seminare und Workshops genutzt.<\/p>\n\n\n\n<p>Wir bieten hier ein Angebot f\u00fcr achtsame Ferieng\u00e4ste und auch Seminarleitungen, welche einen inspirierenden, kraftvollen Ort suchen f\u00fcr ihre Angebote wie: Weiterbildungen, Wellnessseminare, Trainingsprogramme oder zum Beispiel die Kombination aus Retreath und Wandern, Baden oder Stadtbesichtigung. Hierf\u00fcr sind wir in Kooperation mit Gasth\u00e4usern, um bei dieser Nutzungsform gen\u00fcgend \u00dcbernachtung anbieten zu k\u00f6nnen.<\/p>\n\n\n\n<p>Wir freuen uns auf euch und unterst\u00fctzen euch gern nach unseren M\u00f6glichkeiten, so dass ihr eine Vielzahl an rundum gl\u00fccklichen und gelungenen Momenten genie\u00dfen und erleben k\u00f6nnt.<\/p>\n","protected":false},"excerpt":{"rendered":"<p>Auf unserer Website findest Du gem\u00fctliche und wundersch\u00f6ne \u00dcbernachtungsm\u00f6glichkeiten in K\u00e4rnten\/ Unterloibl und Sachsen\/ G\u00f6rlitz. Beide Orte sind sehr liebevoll und mit Achtsamkeit gestaltet und werden auch f\u00fcr Seminare und [&hellip;]<\/p>\n","protected":false},"author":1,"featured_media":0,"parent":0,"menu_order":0,"comment_status":"closed","ping_status":"open","template":"","meta":{"footnotes":""},"class_list":["post-6","page","type-page","status-publish","czr-hentry"],"_links":{"self":[{"href":"http:\/\/ferienyogahaus.at\/willkommen\/wp-json\/wp\/v2\/pages\/6","targetHints":{"allow":["GET"]}}],"collection":[{"href":"http:\/\/ferienyogahaus.at\/willkommen\/wp-json\/wp\/v2\/pages"}],"about":[{"href":"http:\/\/ferienyogahaus.at\/willkommen\/wp-json\/wp\/v2\/types\/page"}],"author":[{"embeddable":true,"href":"http:\/\/ferienyogahaus.at\/willkommen\/wp-json\/wp\/v2\/users\/1"}],"replies":[{"embeddable":true,"href":"http:\/\/ferienyogahaus.at\/willkommen\/wp-json\/wp\/v2\/comments?post=6"}],"version-history":[{"count":5,"href":"http:\/\/ferienyogahaus.at\/willkommen\/wp-json\/wp\/v2\/pages\/6\/revisions"}],"predecessor-version":[{"id":103,"href":"http:\/\/ferienyogahaus.at\/willkommen\/wp-json\/wp\/v2\/pages\/6\/revisions\/103"}],"wp:attachment":[{"href":"http:\/\/ferienyogahaus.at\/willkommen\/wp-json\/wp\/v2\/media?parent=6"}],"curies":[{"name":"wp","href":"https:\/\/api.w.org\/{rel}","templated":true}]}}

Willkommen bei FerienYogaHaus unserem Angebot für Ferien &#038; Seminarräume in Kärnten und Sachsen.

<p>Auf unserer Website findest Du gemütliche und wunderschöne Übernachtungsmöglichkeiten in Kärnten/ Unterloibl und Sachsen/ Görlitz. Beide Orte sind sehr liebevoll und mit Achtsamkeit gestaltet und werden auch für Seminare und Workshops genutzt.</p>



<p>Wir bieten hier ein Angebot für achtsame Feriengäste und auch Seminarleitungen, welche einen inspirierenden, kraftvollen Ort suchen für ihre Angebote wie: Weiterbildungen, Wellnessseminare, Trainingsprogramme oder zum Beispiel die Kombination aus Retreath und Wandern, Baden oder Stadtbesichtigung. Hierfür sind wir in Kooperation mit Gasthäusern, um bei dieser Nutzungsform genügend Übernachtung anbieten zu können.</p>



<p>Wir freuen uns auf euch und unterstützen euch gern nach unseren Möglichkeiten, so dass ihr eine Vielzahl an rundum glücklichen und gelungenen Momenten genießen und erleben könnt.</p>

<p>Auf unserer Website findest Du gemütliche und wunderschöne Übernachtungsmöglichkeiten in Kärnten/ Unterloibl und Sachsen/ Görlitz. Beide Orte sind sehr liebevoll und mit Achtsamkeit gestaltet und werden auch für Seminare und [&hellip;]</p>
