{"id":65,"date":"2022-01-13T18:26:19","date_gmt":"2022-01-13T18:26:19","guid":{"rendered":"http:\/\/ferienyogahaus.at\/?page_id=65"},"modified":"2022-02-09T13:10:37","modified_gmt":"2022-02-09T13:10:37","slug":"seminarnutzung-kaernten","status":"publish","type":"page","link":"http:\/\/ferienyogahaus.at\/willkommen\/seminarnutzung-kaernten\/","title":{"rendered":"Seminarnutzung K\u00e4rnten"},"content":{"rendered":"\n<h3 class=\"wp-block-heading\" id=\"wie-ware-es-mit-einem-yoga-wanderworkshop-oder-langlauf-meditations-retreath-oder-vielleicht-einem-kommunikationsseminar-in-karnten\">Wie w\u00e4re es mit einem YOGA-Wanderworkshop oder Langlauf-Meditations -Retreath? Oder vielleicht einem Kommunikationsseminar in K\u00e4rnten?  <\/h3>\n\n\n\n<p>In unserem Haus in K\u00e4rnten finden auch regelm\u00e4\u00dfig Seminare statt und daher verf\u00fcgt das Haus verf\u00fcgt \u00fcber zwei gr\u00f6\u00dfere R\u00e4ume 44 m2 und 38 m2, wo bequem jeweils 20 Personen liegend und 30 sitzend Platz finden. Der Garten bietet auch ab dem Sommer eine gro\u00dfe Fl\u00e4che auf dem 2000m2 Grundst\u00fcck, um auch im Garten Yoga oder \u00e4hnliches gestalten zu k\u00f6nnen.<\/p>\n\n\n\n<p>Mit einer vollausgestatteten K\u00fcche kann f\u00fcr Tee, Kaffee und Essen gesorgt werden und die Seminarleitung kann selbst im Haus im Zirbenbett im Schlafzimmer \u00fcbernachten. <\/p>\n\n\n\n<p>Dank zweier B\u00e4der, muss auch kein Teilnehmer lange auf den Besuch des Waschraumes warten.<\/p>\n\n\n\n<p>Das Haus ist ausgestattet mit 20 Yogamatten aus hochwertigen rutschfestem Kork von der Firma LotusCraft und 20 Halbmondsitzkissen, einer gro\u00dfen Klangschale und einem Harmonium zur Nutzung der Seminarleitung.<\/p>\n\n\n\n<p>In den Hotel Gasthof zur Post (10 Minuten zu Fu\u00df) <a href=\"http:\/\/hotelzurpost.at\/de\/\">Gasthof Hotel zur Post Urlaubsdomizil &#8211; Ferlach in K\u00e4rnten<\/a> k\u00f6nnen alle Teilnehmer zu angenehmen Preisen, Tip top Fr\u00fchst\u00fcck und Abendessen untergebracht werden. besonders neben der Saison ist es sehr willkommen und in Absprache gibt es auch Kr\u00e4uterkunde oder ein Shuttle zum Haus. <\/p>\n\n\n\n<figure class=\"wp-block-image size-large\"><img loading=\"lazy\" decoding=\"async\" width=\"768\" height=\"1024\" src=\"http:\/\/ferienyogahaus.at\/wp-content\/uploads\/2022\/01\/IMG_2306-768x1024.jpeg\" alt=\"\" class=\"wp-image-41\" srcset=\"http:\/\/ferienyogahaus.at\/wp-content\/uploads\/2022\/01\/IMG_2306-768x1024.jpeg 768w, http:\/\/ferienyogahaus.at\/wp-content\/uploads\/2022\/01\/IMG_2306-225x300.jpeg 225w, http:\/\/ferienyogahaus.at\/wp-content\/uploads\/2022\/01\/IMG_2306-1152x1536.jpeg 1152w, http:\/\/ferienyogahaus.at\/wp-content\/uploads\/2022\/01\/IMG_2306.jpeg 1536w\" sizes=\"auto, (max-width: 768px) 100vw, 768px\" \/><figcaption>Oberer Yoga-Raum<\/figcaption><\/figure>\n","protected":false},"excerpt":{"rendered":"<p>Wie w\u00e4re es mit einem YOGA-Wanderworkshop oder Langlauf-Meditations -Retreath? Oder vielleicht einem Kommunikationsseminar in K\u00e4rnten? In unserem Haus in K\u00e4rnten finden auch regelm\u00e4\u00dfig Seminare statt und daher verf\u00fcgt das Haus [&hellip;]<\/p>\n","protected":false},"author":1,"featured_media":0,"parent":0,"menu_order":0,"comment_status":"closed","ping_status":"closed","template":"custom-page.php","meta":{"footnotes":""},"class_list":["post-65","page","type-page","status-publish","czr-hentry"],"_links":{"self":[{"href":"http:\/\/ferienyogahaus.at\/willkommen\/wp-json\/wp\/v2\/pages\/65","targetHints":{"allow":["GET"]}}],"collection":[{"href":"http:\/\/ferienyogahaus.at\/willkommen\/wp-json\/wp\/v2\/pages"}],"about":[{"href":"http:\/\/ferienyogahaus.at\/willkommen\/wp-json\/wp\/v2\/types\/page"}],"author":[{"embeddable":true,"href":"http:\/\/ferienyogahaus.at\/willkommen\/wp-json\/wp\/v2\/users\/1"}],"replies":[{"embeddable":true,"href":"http:\/\/ferienyogahaus.at\/willkommen\/wp-json\/wp\/v2\/comments?post=65"}],"version-history":[{"count":8,"href":"http:\/\/ferienyogahaus.at\/willkommen\/wp-json\/wp\/v2\/pages\/65\/revisions"}],"predecessor-version":[{"id":412,"href":"http:\/\/ferienyogahaus.at\/willkommen\/wp-json\/wp\/v2\/pages\/65\/revisions\/412"}],"wp:attachment":[{"href":"http:\/\/ferienyogahaus.at\/willkommen\/wp-json\/wp\/v2\/media?parent=65"}],"curies":[{"name":"wp","href":"https:\/\/api.w.org\/{rel}","templated":true}]}}